{"id":326,"date":"2020-04-28T16:58:49","date_gmt":"2020-04-28T14:58:49","guid":{"rendered":"http:\/\/delbeckvignobles.com\/?page_id=326"},"modified":"2025-09-23T15:49:53","modified_gmt":"2025-09-23T13:49:53","slug":"chateau-tour-du-pas-saint-georges","status":"publish","type":"page","link":"http:\/\/delbeckvignobles.com\/index.php\/chateau-tour-du-pas-saint-georges\/","title":{"rendered":"Ch\u00e2teau Tour du Pas Saint-Georges"},"content":{"rendered":"\t\t<div data-elementor-type=\"wp-page\" data-elementor-id=\"326\" class=\"elementor elementor-326\">\n\t\t\t\t\t\t<section class=\"elementor-section elementor-top-section elementor-element elementor-element-55127814 elementor-section-content-middle elementor-section-boxed elementor-section-height-default elementor-section-height-default\" data-id=\"55127814\" data-element_type=\"section\">\n\t\t\t\t\t\t<div class=\"elementor-container elementor-column-gap-no\">\n\t\t\t\t\t<div class=\"elementor-column elementor-col-33 elementor-top-column elementor-element elementor-element-2ad3d8eb\" data-id=\"2ad3d8eb\" data-element_type=\"column\">\n\t\t\t<div class=\"elementor-widget-wrap elementor-element-populated\">\n\t\t\t\t\t\t<div class=\"elementor-element elementor-element-03c71e2 elementor-widget elementor-widget-heading\" data-id=\"03c71e2\" data-element_type=\"widget\" data-widget_type=\"heading.default\">\n\t\t\t\t<div class=\"elementor-widget-container\">\n\t\t\t\t\t<h2 class=\"elementor-heading-title elementor-size-default\">Ch\u00e2teau<\/h2>\t\t\t\t<\/div>\n\t\t\t\t<\/div>\n\t\t\t\t<div class=\"elementor-element elementor-element-50b1f0c elementor-widget elementor-widget-heading\" data-id=\"50b1f0c\" data-element_type=\"widget\" data-widget_type=\"heading.default\">\n\t\t\t\t<div class=\"elementor-widget-container\">\n\t\t\t\t\t<h2 class=\"elementor-heading-title elementor-size-default\">Tour du Pas Saint-Georges<\/h2>\t\t\t\t<\/div>\n\t\t\t\t<\/div>\n\t\t\t\t<div class=\"elementor-element elementor-element-c272d3d elementor-widget elementor-widget-heading\" data-id=\"c272d3d\" data-element_type=\"widget\" data-widget_type=\"heading.default\">\n\t\t\t\t<div class=\"elementor-widget-container\">\n\t\t\t\t\t<h2 class=\"elementor-heading-title elementor-size-default\">Saint-Georges - Saint-Emilion<\/h2>\t\t\t\t<\/div>\n\t\t\t\t<\/div>\n\t\t\t\t<div class=\"elementor-element elementor-element-8e7fd82 elementor-widget elementor-widget-image\" data-id=\"8e7fd82\" data-element_type=\"widget\" data-widget_type=\"image.default\">\n\t\t\t\t<div class=\"elementor-widget-container\">\n\t\t\t\t\t\t\t\t\t\t\t\t\t\t\t<img fetchpriority=\"high\" decoding=\"async\" width=\"787\" height=\"2000\" src=\"http:\/\/delbeckvignobles.com\/wp-content\/uploads\/2025\/09\/TDP19-blle-bis.png\" class=\"attachment-full size-full wp-image-791\" alt=\"\" srcset=\"http:\/\/delbeckvignobles.com\/wp-content\/uploads\/2025\/09\/TDP19-blle-bis.png 787w, http:\/\/delbeckvignobles.com\/wp-content\/uploads\/2025\/09\/TDP19-blle-bis-600x1525.png 600w, http:\/\/delbeckvignobles.com\/wp-content\/uploads\/2025\/09\/TDP19-blle-bis-118x300.png 118w, http:\/\/delbeckvignobles.com\/wp-content\/uploads\/2025\/09\/TDP19-blle-bis-403x1024.png 403w, http:\/\/delbeckvignobles.com\/wp-content\/uploads\/2025\/09\/TDP19-blle-bis-768x1952.png 768w, http:\/\/delbeckvignobles.com\/wp-content\/uploads\/2025\/09\/TDP19-blle-bis-604x1536.png 604w\" sizes=\"(max-width: 787px) 100vw, 787px\" \/>\t\t\t\t\t\t\t\t\t\t\t\t\t\t\t<\/div>\n\t\t\t\t<\/div>\n\t\t\t\t<div class=\"elementor-element elementor-element-5d55caf elementor-drop-cap-yes elementor-drop-cap-view-default elementor-widget elementor-widget-text-editor\" data-id=\"5d55caf\" data-element_type=\"widget\" data-settings=\"{&quot;drop_cap&quot;:&quot;yes&quot;}\" data-widget_type=\"text-editor.default\">\n\t\t\t\t<div class=\"elementor-widget-container\">\n\t\t\t\t\t\t\t\t\t<p>L\u00a0 \u2019appellation Saint-Georges Saint-Emilion est depuis longtemps reconnue comme la plus prestigieuse et la plus confidentielle des satellites de Saint-Emilion. La paroisse de Saint-Georges a \u00e9t\u00e9 au chapitre coll\u00e9gial de Saint-Emilion au 12\u00e8me si\u00e8cle et cette propri\u00e9t\u00e9 marquait le passage vers le ch\u00e2teau f\u00e9odal dont elle d\u00e9pendait. Le site b\u00e9n\u00e9ficie d\u2019un panorama exceptionnel.<\/p>\t\t\t\t\t\t\t\t<\/div>\n\t\t\t\t<\/div>\n\t\t\t\t<div class=\"elementor-element elementor-element-feaf846 elementor-widget elementor-widget-image\" data-id=\"feaf846\" data-element_type=\"widget\" data-widget_type=\"image.default\">\n\t\t\t\t<div class=\"elementor-widget-container\">\n\t\t\t\t\t\t\t\t\t\t\t\t\t\t\t<img decoding=\"async\" width=\"1000\" height=\"310\" src=\"http:\/\/delbeckvignobles.com\/wp-content\/uploads\/2020\/04\/carte-appellations-vierge7.png\" class=\"attachment-large size-large wp-image-242\" alt=\"\" srcset=\"http:\/\/delbeckvignobles.com\/wp-content\/uploads\/2020\/04\/carte-appellations-vierge7.png 1000w, http:\/\/delbeckvignobles.com\/wp-content\/uploads\/2020\/04\/carte-appellations-vierge7-600x186.png 600w, http:\/\/delbeckvignobles.com\/wp-content\/uploads\/2020\/04\/carte-appellations-vierge7-300x93.png 300w, http:\/\/delbeckvignobles.com\/wp-content\/uploads\/2020\/04\/carte-appellations-vierge7-768x238.png 768w\" sizes=\"(max-width: 1000px) 100vw, 1000px\" \/>\t\t\t\t\t\t\t\t\t\t\t\t\t\t\t<\/div>\n\t\t\t\t<\/div>\n\t\t\t\t\t<\/div>\n\t\t<\/div>\n\t\t\t\t<div class=\"elementor-column elementor-col-33 elementor-top-column elementor-element elementor-element-7310b7f2\" data-id=\"7310b7f2\" data-element_type=\"column\">\n\t\t\t<div class=\"elementor-widget-wrap elementor-element-populated\">\n\t\t\t\t\t\t<div class=\"elementor-element elementor-element-7d782ad4 elementor-widget elementor-widget-image\" data-id=\"7d782ad4\" data-element_type=\"widget\" data-widget_type=\"image.default\">\n\t\t\t\t<div class=\"elementor-widget-container\">\n\t\t\t\t\t\t\t\t\t\t\t\t\t\t\t<img decoding=\"async\" width=\"542\" height=\"1000\" src=\"http:\/\/delbeckvignobles.com\/wp-content\/uploads\/2020\/04\/verre-TDP-terroir_1000.jpg\" class=\"attachment-large size-large wp-image-334\" alt=\"\" srcset=\"http:\/\/delbeckvignobles.com\/wp-content\/uploads\/2020\/04\/verre-TDP-terroir_1000.jpg 542w, http:\/\/delbeckvignobles.com\/wp-content\/uploads\/2020\/04\/verre-TDP-terroir_1000-163x300.jpg 163w\" sizes=\"(max-width: 542px) 100vw, 542px\" \/>\t\t\t\t\t\t\t\t\t\t\t\t\t\t\t<\/div>\n\t\t\t\t<\/div>\n\t\t\t\t<div class=\"elementor-element elementor-element-df30d74 elementor-drop-cap-yes elementor-drop-cap-view-default elementor-widget elementor-widget-text-editor\" data-id=\"df30d74\" data-element_type=\"widget\" data-settings=\"{&quot;drop_cap&quot;:&quot;yes&quot;}\" data-widget_type=\"text-editor.default\">\n\t\t\t\t<div class=\"elementor-widget-container\">\n\t\t\t\t\t\t\t\t\t<p>R<strong>enseignements techniques<\/strong> :<\/p><p><em>Age moyen des vignes<\/em> : 25 ans.<\/p><p><em>Superficie<\/em> : 14 Hectares de vignes en c\u00f4teaux, expos\u00e9es au Sud et Sud-Est.<\/p><p><em>Terroir<\/em> : Sol argilo-calcaire, molasse sur fond d&rsquo;argile et sables du P\u00e9rigord.<\/p><p><em>C\u00e9pages<\/em> : 65% Merlot, 35% Cabernet Franc.<\/p><p>Porte-greffes adapt\u00e9s au terroir 10114\/3309\/41B. Culture naturelle et traitements tr\u00e8s respectueux des \u00e9quilibres; biodiversit\u00e9 et soins attentifs port\u00e9s au drainage.<\/p>\t\t\t\t\t\t\t\t<\/div>\n\t\t\t\t<\/div>\n\t\t\t\t\t<\/div>\n\t\t<\/div>\n\t\t\t\t<div class=\"elementor-column elementor-col-33 elementor-top-column elementor-element elementor-element-3fb5d62c\" data-id=\"3fb5d62c\" data-element_type=\"column\">\n\t\t\t<div class=\"elementor-widget-wrap elementor-element-populated\">\n\t\t\t\t\t\t<div class=\"elementor-element elementor-element-5c50596 elementor-drop-cap-yes elementor-drop-cap-view-default elementor-widget elementor-widget-text-editor\" data-id=\"5c50596\" data-element_type=\"widget\" data-settings=\"{&quot;drop_cap&quot;:&quot;yes&quot;}\" data-widget_type=\"text-editor.default\">\n\t\t\t\t<div class=\"elementor-widget-container\">\n\t\t\t\t\t\t\t\t\t<p>V<strong>inification<\/strong> :<\/p><p>Ramassage \u00e0 maturit\u00e9 physiologique, par d\u00e9gustation des baies.<br \/>Un chai innovant \u00e0 gravit\u00e9 et pigeage par h\u00e9licopigeur.<br \/>Vinification parcellaire dans des cuves de petits volumes. Assemblage par d\u00e9gustation apr\u00e8s les fermentations malo-lactiques.<br \/>Elevage de 18 mois (dont 30% en barrique neuve, 20% en barrique de 3 mois de fermentation de nos blancs et 50% en barrique d\u2019un vin).<br \/>Mise en bouteille au Ch\u00e2teau.<\/p>\t\t\t\t\t\t\t\t<\/div>\n\t\t\t\t<\/div>\n\t\t\t\t<div class=\"elementor-element elementor-element-5f7b4fd6 elementor-widget elementor-widget-image\" data-id=\"5f7b4fd6\" data-element_type=\"widget\" data-widget_type=\"image.default\">\n\t\t\t\t<div class=\"elementor-widget-container\">\n\t\t\t\t\t\t\t\t\t\t\t\t\t\t\t<img loading=\"lazy\" decoding=\"async\" width=\"1000\" height=\"668\" src=\"http:\/\/delbeckvignobles.com\/wp-content\/uploads\/2020\/04\/chaibarriq3_1000.jpg\" class=\"attachment-large size-large wp-image-340\" alt=\"\" srcset=\"http:\/\/delbeckvignobles.com\/wp-content\/uploads\/2020\/04\/chaibarriq3_1000.jpg 1000w, http:\/\/delbeckvignobles.com\/wp-content\/uploads\/2020\/04\/chaibarriq3_1000-600x401.jpg 600w, http:\/\/delbeckvignobles.com\/wp-content\/uploads\/2020\/04\/chaibarriq3_1000-300x200.jpg 300w, http:\/\/delbeckvignobles.com\/wp-content\/uploads\/2020\/04\/chaibarriq3_1000-768x513.jpg 768w\" sizes=\"(max-width: 1000px) 100vw, 1000px\" \/>\t\t\t\t\t\t\t\t\t\t\t\t\t\t\t<\/div>\n\t\t\t\t<\/div>\n\t\t\t\t<div class=\"elementor-element elementor-element-ca5500f elementor-drop-cap-yes elementor-drop-cap-view-default elementor-widget elementor-widget-text-editor\" data-id=\"ca5500f\" data-element_type=\"widget\" data-settings=\"{&quot;drop_cap&quot;:&quot;yes&quot;}\" data-widget_type=\"text-editor.default\">\n\t\t\t\t<div class=\"elementor-widget-container\">\n\t\t\t\t\t\t\t\t\t<p>D<strong>\u00e9gustation<\/strong> :<\/p><p>Equilibr\u00e9, classique, tonique, d\u00e9veloppant de la complexit\u00e9 et du charme apr\u00e8s 3 \u00e0 5 ans de garde et pouvant encore m\u00fbrir 5 \u00e0 15 ans de plus\u2026<span style=\"font-size: 15px;\">Vin fait pour les plaisirs de la table. Nous aimons beaucoup l&rsquo;association aux viandes rouges&#8230;<br \/><\/span><\/p>\t\t\t\t\t\t\t\t<\/div>\n\t\t\t\t<\/div>\n\t\t\t\t<div class=\"elementor-element elementor-element-0247c8b elementor-widget elementor-widget-image\" data-id=\"0247c8b\" data-element_type=\"widget\" data-widget_type=\"image.default\">\n\t\t\t\t<div class=\"elementor-widget-container\">\n\t\t\t\t\t\t\t\t\t\t\t\t\t\t\t<img loading=\"lazy\" decoding=\"async\" width=\"451\" height=\"150\" src=\"http:\/\/delbeckvignobles.com\/wp-content\/uploads\/2020\/04\/AOC-SGSE4.jpg\" class=\"elementor-animation-grow attachment-large size-large wp-image-307\" alt=\"\" srcset=\"http:\/\/delbeckvignobles.com\/wp-content\/uploads\/2020\/04\/AOC-SGSE4.jpg 451w, http:\/\/delbeckvignobles.com\/wp-content\/uploads\/2020\/04\/elementor\/thumbs\/AOC-SGSE4-ooozktr5vu77di1rvukxwavfchs6spumwth3ua80ko.jpg 300w\" sizes=\"(max-width: 451px) 100vw, 451px\" \/>\t\t\t\t\t\t\t\t\t\t\t\t\t\t\t<\/div>\n\t\t\t\t<\/div>\n\t\t\t\t<div class=\"elementor-element elementor-element-4ceaeae elementor-align-left animated-slow elementor-invisible elementor-widget elementor-widget-button\" data-id=\"4ceaeae\" data-element_type=\"widget\" data-settings=\"{&quot;_animation&quot;:&quot;fadeIn&quot;}\" data-widget_type=\"button.default\">\n\t\t\t\t<div class=\"elementor-widget-container\">\n\t\t\t\t\t\t\t\t\t<div class=\"elementor-button-wrapper\">\n\t\t\t\t\t<a class=\"elementor-button elementor-button-link elementor-size-lg elementor-animation-grow\" href=\"http:\/\/www.delbeckboutique.com\/5-saint-georges-saint-emilion\" target=\"_blank\">\n\t\t\t\t\t\t<span class=\"elementor-button-content-wrapper\">\n\t\t\t\t\t\t<span class=\"elementor-button-icon\">\n\t\t\t\t<i aria-hidden=\"true\" class=\"fas fa-cart-plus\"><\/i>\t\t\t<\/span>\n\t\t\t\t\t\t\t\t\t<span class=\"elementor-button-text\">Acheter ce vin sur notre boutique en ligne<\/span>\n\t\t\t\t\t<\/span>\n\t\t\t\t\t<\/a>\n\t\t\t\t<\/div>\n\t\t\t\t\t\t\t\t<\/div>\n\t\t\t\t<\/div>\n\t\t\t\t\t<\/div>\n\t\t<\/div>\n\t\t\t\t\t<\/div>\n\t\t<\/section>\n\t\t\t\t<\/div>\n\t\t","protected":false},"excerpt":{"rendered":"<p>Ch\u00e2teau Tour du Pas Saint-Georges Saint-Georges &#8211; Saint-Emilion L\u00a0 \u2019appellation Saint-Georges Saint-Emilion est depuis longtemps reconnue comme la plus prestigieuse et la plus confidentielle des satellites de Saint-Emilion. La paroisse de Saint-Georges a \u00e9t\u00e9 au chapitre coll\u00e9gial de Saint-Emilion au 12\u00e8me si\u00e8cle et cette propri\u00e9t\u00e9 marquait le passage vers le ch\u00e2teau f\u00e9odal dont elle d\u00e9pendait. [&hellip;]<\/p>\n","protected":false},"author":1,"featured_media":0,"parent":0,"menu_order":0,"comment_status":"closed","ping_status":"closed","template":"","meta":{"site-sidebar-layout":"no-sidebar","site-content-layout":"page-builder","ast-site-content-layout":"default","site-content-style":"default","site-sidebar-style":"default","ast-global-header-display":"","ast-banner-title-visibility":"","ast-main-header-display":"","ast-hfb-above-header-display":"","ast-hfb-below-header-display":"","ast-hfb-mobile-header-display":"","site-post-title":"disabled","ast-breadcrumbs-content":"","ast-featured-img":"disabled","footer-sml-layout":"","theme-transparent-header-meta":"default","adv-header-id-meta":"","stick-header-meta":"","header-above-stick-meta":"","header-main-stick-meta":"","header-below-stick-meta":"","astra-migrate-meta-layouts":"default","ast-page-background-enabled":"default","ast-page-background-meta":{"desktop":{"background-color":"var(--ast-global-color-4)","background-image":"","background-repeat":"repeat","background-position":"center center","background-size":"auto","background-attachment":"scroll","background-type":"","background-media":"","overlay-type":"","overlay-color":"","overlay-opacity":"","overlay-gradient":""},"tablet":{"background-color":"","background-image":"","background-repeat":"repeat","background-position":"center center","background-size":"auto","background-attachment":"scroll","background-type":"","background-media":"","overlay-type":"","overlay-color":"","overlay-opacity":"","overlay-gradient":""},"mobile":{"background-color":"","background-image":"","background-repeat":"repeat","background-position":"center center","background-size":"auto","background-attachment":"scroll","background-type":"","background-media":"","overlay-type":"","overlay-color":"","overlay-opacity":"","overlay-gradient":""}},"ast-content-background-meta":{"desktop":{"background-color":"var(--ast-global-color-5)","background-image":"","background-repeat":"repeat","background-position":"center center","background-size":"auto","background-attachment":"scroll","background-type":"","background-media":"","overlay-type":"","overlay-color":"","overlay-opacity":"","overlay-gradient":""},"tablet":{"background-color":"var(--ast-global-color-5)","background-image":"","background-repeat":"repeat","background-position":"center center","background-size":"auto","background-attachment":"scroll","background-type":"","background-media":"","overlay-type":"","overlay-color":"","overlay-opacity":"","overlay-gradient":""},"mobile":{"background-color":"var(--ast-global-color-5)","background-image":"","background-repeat":"repeat","background-position":"center center","background-size":"auto","background-attachment":"scroll","background-type":"","background-media":"","overlay-type":"","overlay-color":"","overlay-opacity":"","overlay-gradient":""}},"footnotes":""},"class_list":["post-326","page","type-page","status-publish","hentry"],"yoast_head":"<!-- This site is optimized with the Yoast SEO plugin v26.1.1 - https:\/\/yoast.com\/wordpress\/plugins\/seo\/ -->\n<title>Ch\u00e2teau Tour du Pas Saint-Georges - Vignobles Delbeck<\/title>\n<meta name=\"robots\" content=\"index, follow, max-snippet:-1, max-image-preview:large, max-video-preview:-1\" \/>\n<link rel=\"canonical\" href=\"https:\/\/delbeckvignobles.com\/index.php\/chateau-tour-du-pas-saint-georges\/\" \/>\n<meta property=\"og:locale\" content=\"fr_FR\" \/>\n<meta property=\"og:type\" content=\"article\" \/>\n<meta property=\"og:title\" content=\"Ch\u00e2teau Tour du Pas Saint-Georges - Vignobles Delbeck\" \/>\n<meta property=\"og:description\" content=\"Ch\u00e2teau Tour du Pas Saint-Georges Saint-Georges &#8211; Saint-Emilion L\u00a0 \u2019appellation Saint-Georges Saint-Emilion est depuis longtemps reconnue comme la plus prestigieuse et la plus confidentielle des satellites de Saint-Emilion. La paroisse de Saint-Georges a \u00e9t\u00e9 au chapitre coll\u00e9gial de Saint-Emilion au 12\u00e8me si\u00e8cle et cette propri\u00e9t\u00e9 marquait le passage vers le ch\u00e2teau f\u00e9odal dont elle d\u00e9pendait. [&hellip;]\" \/>\n<meta property=\"og:url\" content=\"https:\/\/delbeckvignobles.com\/index.php\/chateau-tour-du-pas-saint-georges\/\" \/>\n<meta property=\"og:site_name\" content=\"Vignobles Delbeck\" \/>\n<meta property=\"article:modified_time\" content=\"2025-09-23T13:49:53+00:00\" \/>\n<meta property=\"og:image\" content=\"http:\/\/delbeckvignobles.com\/wp-content\/uploads\/2025\/09\/TDP19-blle-bis.png\" \/>\n<meta name=\"twitter:card\" content=\"summary_large_image\" \/>\n<meta name=\"twitter:label1\" content=\"Dur\u00e9e de lecture estim\u00e9e\" \/>\n\t<meta name=\"twitter:data1\" content=\"3 minutes\" \/>\n<script type=\"application\/ld+json\" class=\"yoast-schema-graph\">{\"@context\":\"https:\/\/schema.org\",\"@graph\":[{\"@type\":\"WebPage\",\"@id\":\"https:\/\/delbeckvignobles.com\/index.php\/chateau-tour-du-pas-saint-georges\/\",\"url\":\"https:\/\/delbeckvignobles.com\/index.php\/chateau-tour-du-pas-saint-georges\/\",\"name\":\"Ch\u00e2teau Tour du Pas Saint-Georges - Vignobles Delbeck\",\"isPartOf\":{\"@id\":\"http:\/\/delbeckvignobles.com\/#website\"},\"primaryImageOfPage\":{\"@id\":\"https:\/\/delbeckvignobles.com\/index.php\/chateau-tour-du-pas-saint-georges\/#primaryimage\"},\"image\":{\"@id\":\"https:\/\/delbeckvignobles.com\/index.php\/chateau-tour-du-pas-saint-georges\/#primaryimage\"},\"thumbnailUrl\":\"http:\/\/delbeckvignobles.com\/wp-content\/uploads\/2025\/09\/TDP19-blle-bis.png\",\"datePublished\":\"2020-04-28T14:58:49+00:00\",\"dateModified\":\"2025-09-23T13:49:53+00:00\",\"breadcrumb\":{\"@id\":\"https:\/\/delbeckvignobles.com\/index.php\/chateau-tour-du-pas-saint-georges\/#breadcrumb\"},\"inLanguage\":\"fr-FR\",\"potentialAction\":[{\"@type\":\"ReadAction\",\"target\":[\"https:\/\/delbeckvignobles.com\/index.php\/chateau-tour-du-pas-saint-georges\/\"]}]},{\"@type\":\"ImageObject\",\"inLanguage\":\"fr-FR\",\"@id\":\"https:\/\/delbeckvignobles.com\/index.php\/chateau-tour-du-pas-saint-georges\/#primaryimage\",\"url\":\"http:\/\/delbeckvignobles.com\/wp-content\/uploads\/2025\/09\/TDP19-blle-bis.png\",\"contentUrl\":\"http:\/\/delbeckvignobles.com\/wp-content\/uploads\/2025\/09\/TDP19-blle-bis.png\",\"width\":787,\"height\":2000},{\"@type\":\"BreadcrumbList\",\"@id\":\"https:\/\/delbeckvignobles.com\/index.php\/chateau-tour-du-pas-saint-georges\/#breadcrumb\",\"itemListElement\":[{\"@type\":\"ListItem\",\"position\":1,\"name\":\"Accueil\",\"item\":\"http:\/\/delbeckvignobles.com\/\"},{\"@type\":\"ListItem\",\"position\":2,\"name\":\"Ch\u00e2teau Tour du Pas Saint-Georges\"}]},{\"@type\":\"WebSite\",\"@id\":\"http:\/\/delbeckvignobles.com\/#website\",\"url\":\"http:\/\/delbeckvignobles.com\/\",\"name\":\"Vignobles Delbeck\",\"description\":\"St Georges - St Emilion, Lalande de Pomerol et Bordeaux\",\"publisher\":{\"@id\":\"http:\/\/delbeckvignobles.com\/#organization\"},\"potentialAction\":[{\"@type\":\"SearchAction\",\"target\":{\"@type\":\"EntryPoint\",\"urlTemplate\":\"http:\/\/delbeckvignobles.com\/?s={search_term_string}\"},\"query-input\":{\"@type\":\"PropertyValueSpecification\",\"valueRequired\":true,\"valueName\":\"search_term_string\"}}],\"inLanguage\":\"fr-FR\"},{\"@type\":\"Organization\",\"@id\":\"http:\/\/delbeckvignobles.com\/#organization\",\"name\":\"Vignobles Delbeck\",\"url\":\"http:\/\/delbeckvignobles.com\/\",\"logo\":{\"@type\":\"ImageObject\",\"inLanguage\":\"fr-FR\",\"@id\":\"http:\/\/delbeckvignobles.com\/#\/schema\/logo\/image\/\",\"url\":\"https:\/\/delbeckvignobles.com\/wp-content\/uploads\/2020\/03\/logodvdRouge600x600.png\",\"contentUrl\":\"https:\/\/delbeckvignobles.com\/wp-content\/uploads\/2020\/03\/logodvdRouge600x600.png\",\"width\":600,\"height\":600,\"caption\":\"Vignobles Delbeck\"},\"image\":{\"@id\":\"http:\/\/delbeckvignobles.com\/#\/schema\/logo\/image\/\"}}]}<\/script>\n<!-- \/ Yoast SEO plugin. -->","yoast_head_json":{"title":"Ch\u00e2teau Tour du Pas Saint-Georges - Vignobles Delbeck","robots":{"index":"index","follow":"follow","max-snippet":"max-snippet:-1","max-image-preview":"max-image-preview:large","max-video-preview":"max-video-preview:-1"},"canonical":"https:\/\/delbeckvignobles.com\/index.php\/chateau-tour-du-pas-saint-georges\/","og_locale":"fr_FR","og_type":"article","og_title":"Ch\u00e2teau Tour du Pas Saint-Georges - Vignobles Delbeck","og_description":"Ch\u00e2teau Tour du Pas Saint-Georges Saint-Georges &#8211; Saint-Emilion L\u00a0 \u2019appellation Saint-Georges Saint-Emilion est depuis longtemps reconnue comme la plus prestigieuse et la plus confidentielle des satellites de Saint-Emilion. La paroisse de Saint-Georges a \u00e9t\u00e9 au chapitre coll\u00e9gial de Saint-Emilion au 12\u00e8me si\u00e8cle et cette propri\u00e9t\u00e9 marquait le passage vers le ch\u00e2teau f\u00e9odal dont elle d\u00e9pendait. [&hellip;]","og_url":"https:\/\/delbeckvignobles.com\/index.php\/chateau-tour-du-pas-saint-georges\/","og_site_name":"Vignobles Delbeck","article_modified_time":"2025-09-23T13:49:53+00:00","og_image":[{"url":"http:\/\/delbeckvignobles.com\/wp-content\/uploads\/2025\/09\/TDP19-blle-bis.png","type":"","width":"","height":""}],"twitter_card":"summary_large_image","twitter_misc":{"Dur\u00e9e de lecture estim\u00e9e":"3 minutes"},"schema":{"@context":"https:\/\/schema.org","@graph":[{"@type":"WebPage","@id":"https:\/\/delbeckvignobles.com\/index.php\/chateau-tour-du-pas-saint-georges\/","url":"https:\/\/delbeckvignobles.com\/index.php\/chateau-tour-du-pas-saint-georges\/","name":"Ch\u00e2teau Tour du Pas Saint-Georges - Vignobles Delbeck","isPartOf":{"@id":"http:\/\/delbeckvignobles.com\/#website"},"primaryImageOfPage":{"@id":"https:\/\/delbeckvignobles.com\/index.php\/chateau-tour-du-pas-saint-georges\/#primaryimage"},"image":{"@id":"https:\/\/delbeckvignobles.com\/index.php\/chateau-tour-du-pas-saint-georges\/#primaryimage"},"thumbnailUrl":"http:\/\/delbeckvignobles.com\/wp-content\/uploads\/2025\/09\/TDP19-blle-bis.png","datePublished":"2020-04-28T14:58:49+00:00","dateModified":"2025-09-23T13:49:53+00:00","breadcrumb":{"@id":"https:\/\/delbeckvignobles.com\/index.php\/chateau-tour-du-pas-saint-georges\/#breadcrumb"},"inLanguage":"fr-FR","potentialAction":[{"@type":"ReadAction","target":["https:\/\/delbeckvignobles.com\/index.php\/chateau-tour-du-pas-saint-georges\/"]}]},{"@type":"ImageObject","inLanguage":"fr-FR","@id":"https:\/\/delbeckvignobles.com\/index.php\/chateau-tour-du-pas-saint-georges\/#primaryimage","url":"http:\/\/delbeckvignobles.com\/wp-content\/uploads\/2025\/09\/TDP19-blle-bis.png","contentUrl":"http:\/\/delbeckvignobles.com\/wp-content\/uploads\/2025\/09\/TDP19-blle-bis.png","width":787,"height":2000},{"@type":"BreadcrumbList","@id":"https:\/\/delbeckvignobles.com\/index.php\/chateau-tour-du-pas-saint-georges\/#breadcrumb","itemListElement":[{"@type":"ListItem","position":1,"name":"Accueil","item":"http:\/\/delbeckvignobles.com\/"},{"@type":"ListItem","position":2,"name":"Ch\u00e2teau Tour du Pas Saint-Georges"}]},{"@type":"WebSite","@id":"http:\/\/delbeckvignobles.com\/#website","url":"http:\/\/delbeckvignobles.com\/","name":"Vignobles Delbeck","description":"St Georges - St Emilion, Lalande de Pomerol et Bordeaux","publisher":{"@id":"http:\/\/delbeckvignobles.com\/#organization"},"potentialAction":[{"@type":"SearchAction","target":{"@type":"EntryPoint","urlTemplate":"http:\/\/delbeckvignobles.com\/?s={search_term_string}"},"query-input":{"@type":"PropertyValueSpecification","valueRequired":true,"valueName":"search_term_string"}}],"inLanguage":"fr-FR"},{"@type":"Organization","@id":"http:\/\/delbeckvignobles.com\/#organization","name":"Vignobles Delbeck","url":"http:\/\/delbeckvignobles.com\/","logo":{"@type":"ImageObject","inLanguage":"fr-FR","@id":"http:\/\/delbeckvignobles.com\/#\/schema\/logo\/image\/","url":"https:\/\/delbeckvignobles.com\/wp-content\/uploads\/2020\/03\/logodvdRouge600x600.png","contentUrl":"https:\/\/delbeckvignobles.com\/wp-content\/uploads\/2020\/03\/logodvdRouge600x600.png","width":600,"height":600,"caption":"Vignobles Delbeck"},"image":{"@id":"http:\/\/delbeckvignobles.com\/#\/schema\/logo\/image\/"}}]}},"jetpack_sharing_enabled":true,"_links":{"self":[{"href":"http:\/\/delbeckvignobles.com\/index.php\/wp-json\/wp\/v2\/pages\/326","targetHints":{"allow":["GET"]}}],"collection":[{"href":"http:\/\/delbeckvignobles.com\/index.php\/wp-json\/wp\/v2\/pages"}],"about":[{"href":"http:\/\/delbeckvignobles.com\/index.php\/wp-json\/wp\/v2\/types\/page"}],"author":[{"embeddable":true,"href":"http:\/\/delbeckvignobles.com\/index.php\/wp-json\/wp\/v2\/users\/1"}],"replies":[{"embeddable":true,"href":"http:\/\/delbeckvignobles.com\/index.php\/wp-json\/wp\/v2\/comments?post=326"}],"version-history":[{"count":34,"href":"http:\/\/delbeckvignobles.com\/index.php\/wp-json\/wp\/v2\/pages\/326\/revisions"}],"predecessor-version":[{"id":798,"href":"http:\/\/delbeckvignobles.com\/index.php\/wp-json\/wp\/v2\/pages\/326\/revisions\/798"}],"wp:attachment":[{"href":"http:\/\/delbeckvignobles.com\/index.php\/wp-json\/wp\/v2\/media?parent=326"}],"curies":[{"name":"wp","href":"https:\/\/api.w.org\/{rel}","templated":true}]}}